 = -19 + 21. Suppose 0 = w*i + 4, m - 4*i - 7 = -5*i. What is the units digit of m?
9
Let a = 11 + -9. Suppose -a*m - 2 = -f, -3*m - 2 = -2*f + 2. Suppose 0 = -2*k + 4*q + 8, 3*q = f*k + 6 - 15. What is the units digit of k?
6
Suppose -18 = -4*i + 3*i. Suppose -2*a = -2*h + i, -h + 75 = 4*h + a. What is the units digit of h?
4
Let j = 196 - 110. What is the units digit of j?
6
Suppose 3*r - 3*g + 3 - 111 = 0, 4*r - 3*g = 145. What is the tens digit of r?
3
Let a(h) = 2*h**2 + 5*h - 11. What is the units digit of a(11)?
6
Let j(b) = -4*b**2 + 0*b**3 + 10*b**2 - b**3 + 7 + 7*b. Suppose -6*v + v + 35 = 0. What is the units digit of j(v)?
7
Suppose 7*b = 3*b. Suppose b = -j - 2*k - 5, 5*j + 2*k = 3*j - 18. Let s = -9 - j. What is the units digit of s?
4
Suppose i = 3*t - 5*t + 156, -245 = -3*t + 4*i. What is the units digit of t?
9
Let c be (-1)/((-1)/9)*3. Suppose -6*k = -3*k - c. What is the units digit of k?
9
Let f(p) = -4*p - 5. Let l(s) = s. Let u(m) = -f(m) - 3*l(m). Let y(r) = -r**2 + 6*r. Let b be y(5). What is the tens digit of u(b)?
1
Suppose -r - r + 10 = 0. What is the tens digit of r*(0 - (-63)/15)?
2
Suppose -7*n + 20 = -2*n. Suppose 0 = -n*o - 2*o + 66. What is the tens digit of o?
1
Suppose 3*c - 253 = 14. What is the tens digit of c?
8
Suppose v = 16 + 4. What is the units digit of v?
0
Let z be 1 + 0 + -1 - 3. Let q be 5 + (z - (2 + -3)). What is the units digit of (3 - 0)*q + -1?
8
Let q be 2/8 + (-174)/24. Let v = 11 + q. What is the units digit of v?
4
Let o(w) = 3*w**3 - w**2 - w. Let g be o(-1). What is the units digit of (g/(9/(-114)))/2?
9
Let m(w) = -w**3 + 10*w**2 - 3*w + 11. What is the tens digit of m(8)?
1
Let p = -47 - -79. What is the tens digit of p?
3
Suppose -12 = 3*h - 6*h. What is the units digit of 6/(10/h - 1)?
4
Let q = 38 - 148. Let h be q/(-2)*2/5. What is the units digit of h/8 - 6/8?
2
Let z(s) = s**3 + s**2 + s - 12. Let v be 1/5 + (-4)/20. Let f be z(v). What is the units digit of (f/16)/((-2)/8)?
3
Suppose 2*u = -2 + 12. Let j = u + -3. Suppose 4*b - 25 = 2*p + 23, 0 = -j*b - 3*p + 32. What is the units digit of b?
3
Let v(a) = -a**2 + 6*a**2 - a**2 + 8*a + 0*a**2. What is the units digit of v(-4)?
2
Suppose 0 = -4*r - v + 5, -5*r + 0*v + v - 5 = 0. Suppose r = -2*u - u + 9. What is the units digit of (u/(-9))/((-3)/18)?
2
Let t be (-237)/(-27) + (-4)/(-18). Let h = t - 6. Suppose -3*a + h*s - s + 5 = 0, 0 = -3*a + 5*s + 8. What is the units digit of a?
1
What is the units digit of ((-261)/9)/(1*-1)?
9
Let y be (-8)/4 + 12 + 1. Suppose n = -0*n + y. What is the units digit of n?
1
Suppose l + t = 6*t - 1, 4*l + t = 38. Suppose 3*m + 0*m = l. Suppose 73 = 3*s + 2*s + 2*y, -s = -m*y - 1. What is the tens digit of s?
1
Let z(h) = -h**3 - 4*h**2 + 3*h - 6. Let f be z(-5). Suppose 2*u - 3*g + 36 = 5*u, 0 = -2*g - f. What is the units digit of u?
4
Let i(u) = -u + 4 + u**2 + 0*u - 2*u. Let r be i(3). Let s = r + -2. What is the units digit of s?
2
Let d = -73 + 129. Suppose -4*f - 28 = -a, -2*f + d = 4*a - 4*f. What is the units digit of a?
2
Let n(u) = u - 1. Let g be n(5). Suppose g*w = 80 + 4. What is the units digit of w?
1
Let k be -3*(12/(-9))/2. Suppose k*l - 4*l + 56 = -2*h, 3*l + h - 76 = 0. What is the tens digit of l?
2
Let m(j) = 25*j**3 + 4*j**2 + 2*j - 2. What is the hundreds digit of m(2)?
2
Let a(f) = f**2 + 10*f + 11. Let h be a(-9). Suppose -h*y + 5*u + 69 = 0, 3*u - 32 = -y + 5*u. What is the units digit of y?
2
Suppose -3*i = n - 301, 4*n + 1 = 5*n. What is the hundreds digit of i?
1
Let g be 6/7*(-5 - 2). Let r = g + 13. Suppose -w - x = -r, 5*w - x - 29 = -3*x. What is the units digit of w?
5
Let g(p) = -p + 2. Let o be g(-2). Suppose o*k - 45 + 1 = 0. What is the tens digit of k?
1
Suppose 0*l = -5*l - 30. Let g = 10 + l. What is the units digit of -1 + g + (-9 - -11)?
5
Suppose -4*j - 4*f - 2 = -58, -2*j + f + 37 = 0. What is the units digit of j?
7
Let q be (-12)/(-9) + 2/(-6). Let z(j) = 12*j**3 - j**2 + j. What is the units digit of z(q)?
2
Let b(j) = -j**3 - 15*j**2 - 19*j + 12. Let x be b(-14). Let h = x + -41. What is the tens digit of h?
4
Suppose 377 + 127 = 4*t. What is the hundreds digit of t?
1
Suppose p = -p + 6. Let q = 1 - p. What is the units digit of (q - 2)*(-15)/6?
0
Let g(x) = x**3 + 5*x**2 - 8*x + 4. Let r = 2 + -8. Let b be g(r). Let w = b - 9. What is the units digit of w?
7
Let n = -2 - -2. Let u = n + 13. What is the units digit of u?
3
Let o(n) = n + 11. Let u be 34/(-6) + 1/(-3). Let j be -2 - u/((-6)/3). What is the units digit of o(j)?
6
Suppose 12 = -l + 4*l. Suppose g + 4*y - 6 = 0, -l*g + 10 = 2*y - 70. What is the units digit of g?
2
Suppose 62 = l + 9. What is the tens digit of l?
5
Suppose 2*y = 4*a + y - 72, 5*y = a - 37. What is the tens digit of a?
1
Suppose 0*b + 2*b = -52. What is the units digit of b/(-4) + 2/(-4)?
6
Suppose 620 = 11*m + 59. What is the tens digit of m?
5
Suppose -5*l + 5 = -5. What is the units digit of l?
2
Let f(k) = k**3 - 17*k**2 - 17*k - 4. What is the units digit of f(18)?
4
Suppose 3*w - 50 = -2*k, -k - 2*w + 11 = 3*w. What is the tens digit of k?
3
Let s(d) = -2*d + 7. Let z be s(-9). Suppose f + 4*f + z = 2*j, 2*j + 15 = -3*f. Suppose 0 = -3*p + 2*b - 7, -5*b + 25 = -j*b. What is the units digit of p?
1
What is the tens digit of ((-152)/10)/(6/(-15))?
3
Let f be (0/1)/(6/3). Suppose 3*g - 24 = -f*g. What is the units digit of g?
8
What is the tens digit of 1*(-288)/(-4) - 0?
7
Let m = 13 - -9. What is the units digit of m?
2
Let k = 11 + -6. Suppose -k*i - 8 = -63. What is the tens digit of i?
1
Suppose 0 = 4*a + a - 150. Let b = a - 15. What is the tens digit of b?
1
Suppose 0 = -3*v - 33 + 3. Let k = 2 - 4. Let s = k - v. What is the units digit of s?
8
Suppose 6*k - 123 = 117. What is the tens digit of k?
4
Let l(p) = 39*p**2. Let h be l(2). Let d = h - 101. Suppose -5*c = 2*f - d, 2*c = -0*f - 2*f + 22. What is the tens digit of c?
1
Suppose -b - 4 = -2*j, 2*b - 5*j = -2*b - 10. Let t be -2*(-6 - (b - -2)). Suppose t + 2 = 3*i. What is the units digit of i?
6
Suppose b - 20 = -3*b. Suppose -2*z - 97 = -b*x, x + 4*z - 33 = z. What is the units digit of x?
1
Let z(b) be the first derivative of -b**3/3 + 2*b**2 + 3*b + 1. Let d(n) = -n**2 - 4*n + 4. Let f be d(-4). What is the units digit of z(f)?
3
Suppose 6*a - 3*a - 117 = 0. Suppose f = -w + a, -3*f = 5*w - f - 186. What is the units digit of w?
6
Suppose 4*k - 100 = -k. Suppose -7*v - k = -3*v. What is the units digit of (-2)/v + 63/5?
3
Suppose -5*g + 10 = -0. Suppose 2*p = -10, -22 = -3*s + 3*p + 2*p. Let q = g - s. What is the units digit of q?
3
Let q = -31 - -53. Suppose -z + 6*z + j - 35 = 0, q = 2*z + 2*j. Suppose r = 10 + z. What is the tens digit of r?
1
Suppose -4*i + 348 = 4*v, v + 0*i - i - 93 = 0. What is the tens digit of v?
9
Let z = -15 + 8. Let q = z - -6. Let x = q - -10. What is the units digit of x?
9
What is the units digit of 150 - (-2 + (3 - 5))?
4
Let o(d) = -15*d + 20. What is the hundreds digit of o(-12)?
2
Suppose -2*u + 0*u - 3*m + 398 = 0, 2*m - 402 = -2*u. What is the tens digit of u?
0
Let o = -89 - -238. What is the hundreds digit of o?
1
Suppose -3*v - z + 43 = 0, 5*v - 53 = 2*v + 4*z. What is the tens digit of v?
1
Let b(f) = 3*f + 1. Suppose 5*q + 3*o + 0*o = 17, -2*o = -q - 7. Let v be b(q). Suppose 0*p - 32 = -v*p. What is the units digit of p?
8
Suppose 4*k = 9*k - 20. What is the units digit of k?
4
Let u = 5 - -1. Let q(b) = -2*b + b - 7 + u + b**2. What is the units digit of q(3)?
5
What is the units digit of 2*20/(-8) + 206?
1
Suppose -2*i + 8 = -28. What is the units digit of i?
8
Let l = 4 + -1. Suppose -4*d - l*n = -15 - 21, -d + 22 = 4*n. What is the units digit of d?
6
Let n be (3 + 1)*(-1 + 0). What is the units digit of n + 2 - (-108)/3?
4
Let x(a) = 2*a - 9. Let h be x(8). What is the units digit of 18/(((-84)/(-8))/h)?
2
Let g(f) = f**2 + 2*f + 88. Let n be g(0). Let l = n - 46. What is the tens digit of l?
4
Let v(u) = -4 + 1 + 2*u - u**2 + 0*u**2. Let h be v(3). What is the units digit of 1 - 0 - (h - 0)?
7
Let o(j) = -2*j**3 - 3*j**2 - j + 1. Let v be o(-2). Let y be (-1)/(-1 - (-8)/v). Let x = y + 13. What is the units digit of x?
6
Suppose d - 4*a + 3 = 0, 5 = 4*a - 3. Suppose p - 1 = 0, m - 2*p + d = 